 2*m. What is the units digit of v(s)?
9
Let d be -2 - 2/6*0. Let v(q) = 0*q**2 + 5 - 2 + 2*q - 1 + q**2. What is the units digit of v(d)?
2
Suppose -4*y - 20 = -l, 2*l - 8 = 4*l. What is the tens digit of -1 + 11 + (-4 - y)?
1
Let p = 145 - 8. What is the tens digit of p?
3
Suppose 0 = -3*g - 4*w - 8 - 37, -g = -5*w - 4. Let s = -15 - g. What is the units digit of ((-10)/s)/(3/6)?
5
Let c be 178/11 - 16/88. Let t = -12 + c. What is the units digit of t?
4
Let f(w) = -5*w - 7. What is the tens digit of f(-7)?
2
Let k = -7 - -14. Let w = 5 + k. What is the tens digit of w?
1
Let r = 291 - 187. What is the tens digit of (-3)/(r/36 + -3)?
2
Let v(y) = -y**2 + 3*y - 6. Let k be v(6). Let p = k - -47. What is the units digit of p?
3
Let w(b) = 4*b**2 + 6*b. Let j be w(-4). Suppose -j = -3*u - 2*u. Suppose x - 1 = u. What is the units digit of x?
9
Let h be 3/2 + 28/8. Suppose -4*p = 5*k - k - 136, -h*p = 15. What is the units digit of k?
7
Let y = 0 + 4. Suppose 0 = -3*s - y*m + 22 - 6, -4*s + 30 = m. What is the units digit of 42/8 + (-2)/s?
5
Let l = -1 - 7. Let c(q) = q**3 + 3*q**2 + q + 1. Let w be c(-3). Let h = w - l. What is the units digit of h?
6
Let d = 93 + 92. What is the tens digit of d?
8
Let a = 7 - 4. Suppose n - 24 + 6 = -m, -22 = -m - a*n. Suppose 5*q = 5*o - 45, -5*o - q = -o - m. What is the units digit of o?
5
Suppose 0 = -2*a + g + 69, 0*a + 89 = 2*a - 5*g. Suppose -3*q + a = -q. What is the units digit of q/(-10)*(-5)/2?
4
Suppose p - 2 - 13 = 0. Let v = 15 - 26. Let m = p + v. What is the units digit of m?
4
Suppose 5*v - 16 = -56. What is the units digit of 5/2 - (-4)/v?
2
Suppose 2*i = -4*a + 60, 5*a - 37 = -5*i + 48. What is the tens digit of a?
1
Let i = 22 - 14. Suppose 0 = -i*l + 4*l + 4. What is the units digit of l?
1
Suppose 4*p - 2 = 30. What is the units digit of p?
8
Let w(c) = -c - 5. Let s(g) = g + 5. Let m(r) = 6*s(r) + 7*w(r). Let j be m(-5). Suppose 2*q + 3 - 13 = j. What is the units digit of q?
5
Let s = 116 + -44. Suppose -2*n = 2*n - s. What is the units digit of n?
8
Suppose 5*h + 4*s + 13 = -0*h, 0 = -5*h - 3*s - 11. What is the tens digit of (-1 + h - -12) + 2?
1
Let r = 33 - -90. What is the tens digit of r?
2
Suppose -120 = -3*i - 3*c, -3*i - 2*c = -16 - 107. What is the tens digit of i?
4
Let d = 61 - -5. Suppose -3*b + 6*b - d = 2*m, 4*b - 84 = 4*m. What is the units digit of b?
4
Let f = -1 - -4. Suppose -i + 12 = f*i. Suppose -4*t + 3*x + 25 = -i, -2*t + 4 = -4*x. What is the units digit of t?
0
Let q = -125 + 88. Let b = -14 - q. What is the units digit of b?
3
Let c be (-1)/4 + 26/8. Let u(p) = c*p - 5 + 3 - 2*p. What is the units digit of u(5)?
3
Suppose 32*k - 270 = 29*k. What is the units digit of k?
0
What is the units digit of (-5)/(-3) - 6/(-18)?
2
Let z be 2*2/4 - 1. Suppose -4*v + 22 + 30 = z. What is the tens digit of v?
1
Let p(t) = 4*t**2 - 3*t. Let f be (-1 + (-3)/(-2))*4. What is the units digit of p(f)?
0
Let m(j) = 12*j - 1. What is the tens digit of m(1)?
1
Let d(l) = -l**2 + 5*l. Let t be d(4). Let o be (3 - 1)*t/8. Suppose -k + 1 = -3*a + 4, -3*k + 5*a = o. What is the units digit of k?
3
Let k(a) = -3*a - 13. Let o be (3 - 0)*-3 - -2. What is the units digit of k(o)?
8
Let c(u) = u**3 + 6*u**2 + 3*u - 2. What is the tens digit of c(-4)?
1
Let t(m) = m**3 + 5*m**2 + 3*m - 2. Let i = -2 + 3. Let u be 2 - (6 - 1)*i. What is the units digit of t(u)?
7
Suppose -3*a + 26 = -5*x, 9*a - 4*a = -4*x + 68. Suppose r + a = 4*r. Suppose -2*w - 4*n + 6*n = 0, -5 = -5*w + r*n. What is the units digit of w?
5
Let m(y) = 2*y - 12. Let z = 30 - 21. What is the units digit of m(z)?
6
Let z(s) = s**2 - 6*s + 7. Let l be z(5). Let p(t) = l*t**2 + 0 - 5*t**2 + 2*t**2 + 2*t + 1. What is the units digit of p(2)?
1
Let b = -2 + 14. What is the units digit of b?
2
Let j(v) = -v**2 - 6*v - 9. Let f be j(-4). Let z = 46 - f. What is the units digit of z?
7
Let q = -4 - -6. Let i(t) = 2*t. Let c be i(-2). What is the units digit of (c - 2)/(q/(-1))?
3
Let j = 2 - -3. Suppose j*v = n + 3*v - 16, 2*n = -4*v. Suppose -2*a + n = 2*a. What is the units digit of a?
2
Let z = 0 + 0. Suppose -2*k + 83 - 5 = z. What is the tens digit of k?
3
Suppose 10*k - 7*k = 30. Let w(d) = -d**2 - 7*d + 6. Let x be w(6). What is the tens digit of x/(-5) + (-4)/k?
1
Let f be -5 - 0 - 4/(-2). Let k = -2 - -6. Let i = k + f. What is the units digit of i?
1
Let k(u) = u**2 - 7*u + 8. Suppose 1 - 13 = -2*q. Let x be k(q). Suppose -22 = -4*c + v, -x*v - 2*v + 26 = 3*c. What is the units digit of c?
6
Suppose -z = 2*z - 81. Suppose -t = -5*t - 5*h + z, -9 = -t - 2*h. What is the units digit of t?
3
Suppose v - 2*j = 6 + 4, 0 = 5*j - 10. What is the units digit of v?
4
Let k be 15/(-9) - (-1)/(-3). Let q = k - -14. What is the units digit of q?
2
Let d = 44 + 30. What is the units digit of d?
4
Let t(o) be the third derivative of o**6/120 + o**5/12 + o**4/12 + 5*o**3/6 - 2*o**2. What is the tens digit of t(-4)?
1
Let l = 11 - 4. Suppose l - 23 = -4*o. Suppose v + 2*v - 27 = 3*s, 2*v - 6 = -o*s. What is the units digit of v?
7
Let b(c) = -2*c - 8. Let p be b(-4). Suppose 6 = 4*s - 5*t, 0*s - 3*t - 10 = -4*s. Let r = s - p. What is the units digit of r?
4
Suppose 124 = -5*m + m + c, 70 = -3*m - 5*c. Let j be m*(5/3 + -2). Suppose -j = -2*a - 3*a. What is the units digit of a?
2
Let j = 152 + 65. What is the hundreds digit of j?
2
Let u(q) = -14*q**2 + 77*q + 57. Let t(v) = -5*v**2 + 26*v + 19. Let n(y) = 17*t(y) - 6*u(y). What is the tens digit of n(-16)?
4
Let o(x) be the second derivative of -x**3/6 + 9*x**2/2 + 3*x. Let k be o(6). Suppose 0 = 2*b - 1 - k. What is the units digit of b?
2
What is the units digit of 34/((-4)/(-8) + 0)?
8
Suppose -2*m + 5*n + 0*n + 47 = 0, -57 = -2*m - 5*n. What is the units digit of m?
6
Suppose 3*g + g - 25 = 5*t, 2*t = 5*g - 10. Let s(y) = y + 12. Let z be s(t). Let q = 12 - z. What is the units digit of q?
5
Let g be (1 + -3)*(-2)/4. Let w(b) = b**3 - 4*b**2 + 2*b + 2. Let j be w(4). Let v = j - g. What is the units digit of v?
9
Let k = 7 - 6. What is the units digit of ((-7)/k)/(3/(-6))?
4
Let a(v) = -2*v**2 - 3*v + 4. Let r be a(-3). Let x be -5*-2*(-11)/r. Let t = x + -11. What is the units digit of t?
1
Suppose 2*c + 3*d = 4*d + 26, -3*c + 5*d + 46 = 0. Let n be ((-4)/(-8))/(2/c). Suppose -3*l = -m - 67, n*l - 3*m - 86 + 11 = 0. What is the units digit of l?
1
Suppose p - 4*o = 200, 840 = 3*p + p + 4*o. What is the tens digit of p?
0
What is the hundreds digit of (-6 - -10) + 2 + 127?
1
What is the tens digit of 19 - (6/6 + 0)?
1
Suppose 2*j + 4*j - 270 = 0. What is the tens digit of j?
4
Let d(j) = 27*j - 58. What is the hundreds digit of d(8)?
1
Let w(c) = 2*c - 6. Let g be (-27)/(-6) - (-1)/2. Let n be w(g). Suppose 0 = u - n*u + 6. What is the units digit of u?
2
Suppose -o + 3*k = -1, -o = 3*k - 2 + 1. Let s(r) = 27*r**2 - 2*r + 1. What is the units digit of s(o)?
6
Let t be (-3)/5 + 9/15. Suppose 0 = 2*s - 2*i - 18, i = 5*s + 5*i - 36. Suppose t*x + s = x. What is the units digit of x?
8
Let p be 1/(-3) - 4/(-3). Let m = 9 - 10. Let r = p - m. What is the units digit of r?
2
Let z(m) = 2*m + 6. Let r(s) = 2*s + 4. Let d be r(-5). Let q be z(d). Let b = q - -11. What is the units digit of b?
5
Let a = -89 - -150. What is the units digit of a?
1
Let c = -8 - -15. Let g = c + -1. What is the units digit of g?
6
Suppose -134 = -4*i - o + 942, 2*i - 520 = -5*o. What is the hundreds digit of i?
2
Suppose 0 = -v - 4*v. Suppose 2*i = -v*i + 2. What is the units digit of (i/(-3))/((-1)/6)?
2
Suppose 6*g - 99 = 141. What is the units digit of g?
0
Let l(o) = o + 1. What is the units digit of l(0)?
1
Let y be 30/8 - 3/(-12). Suppose -s + 5*a - 15 = -0*s, -4*a = s - 30. Suppose -y*n + s = n. What is the units digit of n?
2
Suppose 5*k = -16 - 4. Let l = k - -4. Suppose -9 = -d - l*d. What is the units digit of d?
9
Let l be ((-8)/(-12))/(2/(-18)). Let w be (4/l)/((-3)/18). Let u = 10 - w. What is the units digit of u?
6
Let t = -801 - -1535. What is the tens digit of (-6)/(-27) + t/18?
4
Suppose -8*y + 4*y = -24. Suppose y*n - n - 45 = 0. What is the units digit of n?
9
What is the units digit of ((-27)/(-4))/((-1)/(-4))?
7
Suppose 5*y = -2*u - 76 - 19, -2*u = 4*y + 74. What is the tens digit o